4*q, 3*q - 122 = -2*q + 3*o. What is the remainder when 86 is divided by q?
20
Let w(k) = 4*k**2 + k - 5. Let a(o) = -9*o**2 - 2*o + 9. Let j(c) = 3*a(c) + 7*w(c). What is the remainder when 10 is divided by j(-4)?
2
Let j(v) = 20*v - 12. Calculate the remainder when 76 is divided by j(2).
20
Suppose 0 = 3*j - 117 + 30. Calculate the remainder when 86 is divided by j.
28
Let o = -1 - -4. Calculate the remainder when o - 2/(-1)*1 is divided by 2.
1
Suppose m + 6 = -2*m. Let n = m - -24. Suppose -3*v + 8 = -n. What is the remainder when v is divided by 4?
2
What is the remainder when 68 is divided by 2/6 - (-848)/48?
14
Suppose 20 = 4*v, -5*a + v - 11 + 56 = 0. What is the remainder when a is divided by 7?
3
Suppose 0 = g + g. Calculate the remainder when (5 - 7)*(g + -8) is divided by 9.
7
Let g = 124 - 106. Calculate the remainder when 64 is divided by g.
10
Let j = -68 - -72. What is the remainder when 9 is divided by j?
1
Suppose 5*w - 8 = 5*s + 107, -s = 0. Let j be 63/(-14)*(-4)/6. Suppose -14 = -j*p + 22. Calculate the remainder when w is divided by p.
11
Suppose 4*y = 10 + 26. Suppose y = b + 2. Calculate the remainder when (-37)/(-3) - 2/6 is divided by b.
5
Suppose 0 = 5*h, -5*y + 8 = 2*h - 7. Suppose 5*g = -y*q + 176, 2*g + 0*q - 76 = -4*q. Calculate the remainder when g is divided by 12.
10
Let m be 18/4 + (-1)/2. Suppose -6*l = -m*l - 2. Suppose 0 = 2*d + l - 21. Calculate the remainder when 19 is divided by d.
9
Suppose c = 5*c + 3*o - 101, -4*c + 77 = -5*o. Let m = 6 + c. Calculate the remainder when m is divided by 10/(-4)*-1*4.
9
Calculate the remainder when 33/22*(28 - 0) is divided by 11.
9
Let h(c) = c**3 - 2*c**2 + c + 3. What is the remainder when h(3) is divided by 2?
1
Let g(v) be the third derivative of -1/24*v**4 + 0 - v**2 + 0*v + 1/20*v**5 + 1/3*v**3. Calculate the remainder when 35 is divided by g(2).
11
Suppose -4*c + 288 = 5*z, 3*c - 2*z - 260 = -44. Suppose -4*x + c = 4*p, 3*p - 2*p + 12 = x. What is the remainder when 28 is divided by x?
13
What is the remainder when 421 is divided by (-8 + 30/5)/(2/(-53))?
50
Let m(n) = -n + 21. Let q = -41 - -15. Let p = 37 + q. Calculate the remainder when m(0) is divided by p.
10
Suppose 739 = -4*p + 307. Let a = 157 + p. What is the remainder when a is divided by 25?
24
Let t = -25 + 42. Calculate the remainder when 32 is divided by t.
15
Let g be (20/(-16))/((-2)/8). Let x(q) = q**2 - 5*q + 5. Suppose 8*o = -5*p + 3*o + 115, p = 4*o - 2. What is the remainder when p is divided by x(g)?
3
Let y be 2/(-8) + 18156/48. Suppose -y = -5*k - k. What is the remainder when k is divided by 16?
15
Suppose -58 = b - 3*b + 2*f, 2*b + f = 55. Calculate the remainder when b is divided by (-2 + 0 + 3)*15.
13
Suppose -78 = -m - 2*m. Calculate the remainder when m is divided by 8.
2
Suppose 2*q + 3*q + 2*h = 34, 5*h + 55 = 5*q. Suppose -4*u = -q*u + 64. Calculate the remainder when 29 is divided by u.
13
Suppose -2*i = 4*g - 34, -2*i + 6*g + 34 = 3*g. What is the remainder when 31 is divided by i?
14
Let m = 101 - 60. Suppose -3*u + 5*u = 4. Let b(v) = 5*v**2 + 2*v - 3. Calculate the remainder when m is divided by b(u).
20
What is the remainder when (-148)/(-2) + (-10 - -11) is divided by 13?
10
Let s(o) = o**2 + 2*o + 5. Let v be s(0). Suppose v = d - 0, -2*t + d = -9. What is the remainder when 26 is divided by t?
5
Suppose 0*c = c. Suppose c = 3*x - 36 - 51. What is the remainder when x is divided by 10?
9
Suppose 45 = w - 6*w. Let v = w - -13. Calculate the remainder when 14 is divided by v.
2
Let t = 13 + 1. Suppose -3*l + 21 = -27. Suppose -b = -24 - l. Calculate the remainder when b is divided by t.
12
Let y = 8 - 13. Suppose -5*x - 18 = -2*x. What is the remainder when (0 + -17)/(x - y) is divided by 6?
5
Let l(r) = 6*r - 18. Calculate the remainder when 21 is divided by l(4).
3
Let h(b) = b**3 + 9*b**2 + 12. Let c be h(-9). Let r = c + -5. Calculate the remainder when r is divided by 4.
3
Let x(u) = -16*u + 1. Let k(p) = p + 5. Let f be k(-7). Suppose 5*v + 2 = 87. Calculate the remainder when x(f) is divided by v.
16
Suppose -2*q = 3*q - 2*s - 54, 3*s = -6. What is the remainder when 39 is divided by q?
9
Let n(v) = 10*v. Suppose -4 + 2 = -2*w. Calculate the remainder when 19 is divided by n(w).
9
Let i = -24 + 39. Calculate the remainder when 149 is divided by i.
14
Let d(y) = -y**2 - 4*y + 3. Let r be d(-4). Suppose -z - 1 = i + 4*z, r*i - 13 = z. Let f(t) = 8*t. What is the remainder when f(i) is divided by 11?
10
Calculate the remainder when (-1)/(2/(-86)) - 6/3 is divided by 21.
20
Suppose -j = q - 17, j + q - 3*q = 2. Calculate the remainder when 44 is divided by j.
8
Suppose 2*d = 5*g - 267, -2*d - 30 = -g + 17. Calculate the remainder when g is divided by 28.
27
Suppose 0 = -2*y + y + 48. Calculate the remainder when 141 is divided by y.
45
Let k = 2 - -11. Calculate the remainder when 63 is divided by k.
11
Suppose 20*i = 15*i + 50. Calculate the remainder when 48 is divided by i.
8
Suppose 13 = 71*k - 70*k. What is the remainder when 49 is divided by k?
10
Let n(l) = -6*l**3 + 2*l + 1. Let p(m) = m + 3. Let a be p(-6). Let o be 6/9*a/2. Calculate the remainder when 14 is divided by n(o).
4
What is the remainder when 25 is divided by ((-54)/(-24))/(1/4)?
7
Let y(u) = -u**2 - 7*u - 11. Let k be y(-9). Let r = k - -46. What is the remainder when 63 is divided by r?
12
Suppose 3*k + 0*k = 156. Let t(h) = -h + 9. Let i be t(5). Suppose -2*o = -2*w + 32, 0 = i*w + o + 28 - 102. What is the remainder when k is divided by w?
16
Suppose 83 = -3*k + 2*p, -2*p - 8 + 29 = -k. Let b = 51 + k. Suppose -5*t + 2*t + 114 = 0. What is the remainder when t is divided by b?
18
Let a = 14 - 7. Calculate the remainder when 12 is divided by a.
5
Calculate the remainder when 0 + 5 + 0 + 0 is divided by 4.
1
Let w(k) = -k**2 + 8*k + 4. Let f be (3/(-9))/(2/(-42)). Calculate the remainder when 20 is divided by w(f).
9
Suppose 2*g + 2*i = 98, g + 2*g - 147 = 3*i. What is the remainder when g is divided by 26?
23
Suppose -118*w + 119*w = 62. Calculate the remainder when w is divided by 13.
10
Suppose 4*b - 4*v = 0, -b + 3*v + 2*v = 20. Suppose -25 = -d - 9. Calculate the remainder when d is divided by 43/5 - (-2)/b.
7
Let s(w) = -2*w + 14. Let j be s(6). Let i(f) = 19*f - 3. What is the remainder when i(j) is divided by 18?
17
Let v = 42 - 30. Suppose 5*n - 2*n = v. Calculate the remainder when 6 is divided by n.
2
What is the remainder when (4 + -5)*-27 - 6/2 is divided by 13?
11
Let g(y) = y**3 + 5*y**2 + 2*y - 1. What is the remainder when 20 is divided by g(-3)?
9
Let z be (-1246)/(-12) + 3/18. Calculate the remainder when 23 is divided by 4/18 + z/18.
5
Suppose -5*l + 25 = 4*w, -2*w - 2*w - 4*l = -24. Let r = -9 + w. Let p(t) = t**3 + 5*t**2 - 2*t - 3. What is the remainder when p(r) is divided by 11?
10
Let q(a) = 11*a**2 + 5*a - 5. What is the remainder when q(2) is divided by 13?
10
Suppose 0 = -2*u + 14 - 4. Suppose u*q - 13 = -3. Suppose -2*a - 3*a + b = -14, a = -b - 2. Calculate the remainder when q is divided by a.
0
Suppose -5*l + 32 = 2. Let i(n) = n**2 - 3*n - 4. Suppose 5*d - 31 = 4*d - 4*m, -2*m = -d + 25. Calculate the remainder when d is divided by i(l).
13
Let n = 93 - 56. Suppose -4*r = 5*p - 115, p + 4*r + 56 = 5*p. What is the remainder when n is divided by p?
18
Let o = 46 - 31. What is the remainder when 27 is divided by o?
12
Let k be (4/(-6))/((-6)/18). Suppose 0*z - y = -3*z + 7, 0 = -2*z + 4*y - k. What is the remainder when 9 is divided by z?
0
Suppose g - 42 + 10 = 0. Let a(d) = 3*d - 4. Let x be a(3). Let w = x + g. What is the remainder when w is divided by 19?
18
Let y(i) = i**2 - i - 4. Let f be y(3). Suppose -f*a + 0 = -50. Calculate the remainder when a is divided by 14.
11
Let q = 14 - -1. Suppose 0 = y - 4*j - 7, 3*j + 3 = 5*y - q. Suppose -v = y - 16. Calculate the remainder when v is divided by 7.
6
Let a be 8/12 + (-26)/(-6). Suppose a*w - 51 = 2*w. What is the remainder when 33 is divided by w?
16
Let c = 8 + -2. Let s be 4/(((-1)/1)/1). Calculate the remainder when (-2)/s + 63/6 is divided by c.
5
Calculate the remainder when 48 is divided by 230/14 + 12/21.
14
Calculate the remainder when (-40)/50*(-28 + -2) is divided by 13.
11
Suppose g - 1 = -3*v